{"id":57600,"date":"2025-04-30T10:15:47","date_gmt":"2025-04-30T10:15:47","guid":{"rendered":"https:\/\/easypersonaltraining.com\/?page_id=57600"},"modified":"2025-06-27T09:02:12","modified_gmt":"2025-06-27T09:02:12","slug":"aquagym","status":"publish","type":"page","link":"https:\/\/easypersonaltraining.com\/index.php\/aquagym\/","title":{"rendered":"Aquagym | Entrenador personal Mallorca &#8211; Estiramientos y entrenamiento funcional"},"content":{"rendered":"<div class=\"wpb-content-wrapper\"><p>[vc_row bg_type=\u00bbimage\u00bb parallax_style=\u00bbvcpb-vz-jquery\u00bb bg_image_new=\u00bbid^57618|url^https:\/\/easypersonaltraining.com\/wp-content\/uploads\/2025\/04\/2148393566.jpg|caption^null|alt^null|title^2148393566|description^null\u00bb bg_image_repeat=\u00bbno-repeat\u00bb bg_override=\u00bbfull\u00bb enable_overlay=\u00bbenable_overlay_value\u00bb overlay_color=\u00bbrgba(0,0,0,0.5)\u00bb overlay_pattern=\u00bbtransperant\u00bb overlay_pattern_opacity=\u00bb25&#8243; margin_top=\u00bb-50&#8243; type=\u00bbvc_default\u00bb css=\u00bb.vc_custom_1746011557322{padding-top: 12% !important;padding-bottom: 12% !important;background-color: #000000 !important;}\u00bb][vc_column offset=\u00bbvc_col-lg-offset-0 vc_col-lg-12 vc_col-md-offset-0 vc_col-md-12 vc_col-sm-offset-0 vc_col-xs-12&#8243; css=\u00bb.vc_custom_1476043981108{margin-top: 10px !important;margin-bottom: 10px !important;}\u00bb]<div id=\"ultimate-heading-312369f4b6b69e22d\" class=\"uvc-heading ult-adjust-bottom-margin ultimate-heading-312369f4b6b69e22d uvc-361 accent-border-color\" data-hspacer=\"line_only\"  data-halign=\"center\" style=\"text-align:center\"><div class=\"uvc-main-heading ult-responsive\"  data-ultimate-target='.uvc-heading.ultimate-heading-312369f4b6b69e22d h2'  data-responsive-json-new='{\"font-size\":\"desktop:50px;mobile_landscape:38px;mobile:30px;\",\"line-height\":\"desktop:60px;mobile_landscape:48px;mobile:40px;\"}' ><h2 style=\"font-weight:bold;color:#ffffff;margin-bottom:15px;\">AQUAGYM<\/h2><\/div><div class=\"uvc-heading-spacer line_only\" style=\"topheight:3px;\"><span class=\"uvc-headings-line\" style=\"border-style:solid;border-bottom-width:3px;border-color:#ccc;width:150px;\"><\/span><\/div><\/div>[\/vc_column][\/vc_row][vc_row equal_height=\u00bbyes\u00bb content_placement=\u00bbmiddle\u00bb margin_top=\u00bb5&#8243; margin_bottom=\u00bb10&#8243; type=\u00bbvc_default\u00bb css=\u00bb.vc_custom_1476026573339{padding-top: 70px !important;padding-bottom: 25px !important;}\u00bb][vc_column offset=\u00bbvc_col-lg-6 vc_col-md-6 vc_col-xs-12&#8243; css=\u00bb.vc_custom_1476026661856{padding-bottom: 50px !important;}\u00bb]<style type=\"text\/css\" data-type=\"the7_shortcodes-inline-css\">.shortcode-single-image-wrap.shortcode-single-image-e98bf6948d4deb308270eaf0a90913ab.enable-bg-rollover .rollover i,\n.shortcode-single-image-wrap.shortcode-single-image-e98bf6948d4deb308270eaf0a90913ab.enable-bg-rollover .rollover-video i {\n  background: -webkit-linear-gradient();\n  background: linear-gradient();\n}\n.shortcode-single-image-wrap.shortcode-single-image-e98bf6948d4deb308270eaf0a90913ab .rollover-icon {\n  font-size: 32px;\n  color: #ffffff;\n  min-width: 44px;\n  min-height: 44px;\n  line-height: 44px;\n  border-radius: 100px;\n  border-style: solid;\n  border-width: 0px;\n}\n.dt-icon-bg-on.shortcode-single-image-wrap.shortcode-single-image-e98bf6948d4deb308270eaf0a90913ab .rollover-icon {\n  background: rgba(255,255,255,0.3);\n  box-shadow: none;\n}\n<\/style><div class=\"shortcode-single-image-wrap shortcode-single-image-e98bf6948d4deb308270eaf0a90913ab alignnone  enable-bg-rollover dt-icon-bg-off\" style=\"margin-top:0px; margin-bottom:0px; margin-left:0px; margin-right:0px; width:1200px;\" data-pretty-share=\"facebook,twitter,pinterest,linkedin\"><div class=\"shortcode-single-image\"><div class=\"fancy-media-wrap  layzr-bg\" style=\"\"><img fetchpriority=\"high\" decoding=\"async\" class=\"preload-me lazy-load aspect\" src=\"data:image\/svg+xml,%3Csvg%20xmlns%3D&#39;http%3A%2F%2Fwww.w3.org%2F2000%2Fsvg&#39;%20viewBox%3D&#39;0%200%201200%20900&#39;%2F%3E\" data-src=\"https:\/\/easypersonaltraining.com\/wp-content\/uploads\/2025\/04\/2148393566-1200x900.jpg\" data-srcset=\"https:\/\/easypersonaltraining.com\/wp-content\/uploads\/2025\/04\/2148393566-1200x900.jpg 1200w, https:\/\/easypersonaltraining.com\/wp-content\/uploads\/2025\/04\/2148393566-1333x1000.jpg 1333w\" loading=\"eager\" sizes=\"(max-width: 1200px) 100vw, 1200px\" width=\"1200\" height=\"900\"  data-dt-location=\"https:\/\/easypersonaltraining.com\/index.php\/aquagym\/attachment\/2148393566\/\" style=\"--ratio: 1200 \/ 900;\" alt=\"\" \/><\/div><\/div><\/div>[\/vc_column][vc_column offset=\u00bbvc_col-lg-6 vc_col-md-6 vc_col-xs-12&#8243; css=\u00bb.vc_custom_1476026676448{padding-bottom: 50px !important;}\u00bb]<div id=\"ultimate-heading-908069f4b6b69ee1b\" class=\"uvc-heading ult-adjust-bottom-margin ultimate-heading-908069f4b6b69ee1b uvc-1933 color-title uvc-heading-default-font-sizes\" data-hspacer=\"no_spacer\"  data-halign=\"left\" style=\"text-align:left\"><div class=\"uvc-heading-spacer no_spacer\" style=\"top\"><\/div><div class=\"uvc-main-heading ult-responsive\"  data-ultimate-target='.uvc-heading.ultimate-heading-908069f4b6b69ee1b h2'  data-responsive-json-new='{\"font-size\":\"\",\"line-height\":\"\"}' ><h2 style=\"font-weight:bold;margin-bottom:25px;\">\u00bfQue hacemos?<\/h2><\/div><div class=\"uvc-sub-heading ult-responsive\"  data-ultimate-target='.uvc-heading.ultimate-heading-908069f4b6b69ee1b .uvc-sub-heading '  data-responsive-json-new='{\"font-size\":\"desktop:20px;\",\"line-height\":\"desktop:30px;\"}'  style=\"font-weight:bold;\">Aquagym<\/div><\/div>[vc_column_text css=\u00bb.vc_custom_1746011171325{padding-top: 30px !important;}\u00bb]El trabajo muscular y cardiovascular en el medio acu\u00e1tico es un sistema de trabajo muy diferente al convencional en tierra. Estas propiedades o caracter\u00edsticas que lo hacen diferente son:<\/p>\n<ol start=\"1\" type=\"1\">\n<li>Reduce el impacto articular contra el suelo.<\/li>\n<\/ol>\n<ol start=\"2\" type=\"1\">\n<li>Disminuye el peso corporal. As\u00ed las personas con sobrepeso o las embarazadas se sienten m\u00e1s \u00e1giles y m\u00e1s libres dentro del agua.<\/li>\n<\/ol>\n<ol start=\"3\" type=\"1\">\n<li>Facilita los movimientos hacia la superficie y dificulta los movimientos hacia el fondo de la piscina.<\/li>\n<\/ol>\n<ol start=\"4\" type=\"1\">\n<li>Var\u00eda el centro de gravedad, lo que provoca una inestabilidad muy \u00fatil para trabajar el equilibrio y la higiene postural.<\/li>\n<\/ol>\n<ol start=\"5\" type=\"1\">\n<li>Nos ayuda a tener una mayor y mejor circulaci\u00f3n sangu\u00ednea, puesto que ayuda al retorno venoso.<\/li>\n<\/ol>\n<ol start=\"6\" type=\"1\">\n<li>La fricci\u00f3n que ejerce el agua en el m\u00fasculo realiza un hidromasaje continuo<\/li>\n<\/ol>\n<ol start=\"7\" type=\"1\">\n<li>La presi\u00f3n que del agua sobre el cuerpo dificulta la respiraci\u00f3n, con lo cual se queman m\u00e1s Kcal.<\/li>\n<\/ol>\n<ol start=\"8\" type=\"1\">\n<li>La temperatura del agua enfr\u00eda mucho mas r\u00e1pido el cuerpo que el aire, con lo cual, eso tambi\u00e9n ayuda a consumir mas Kcal.<\/li>\n<\/ol>\n<ol start=\"9\" type=\"1\">\n<li>La resistencia y la viscosidad del agua hacen que podamos trabajar todo nuestro cuerpo, simplemente movi\u00e9ndonos, sin necesidad de aparatos ni maquinas.<\/li>\n<\/ol>\n<ol start=\"10\" type=\"1\">\n<li>El agua es un medio agradable y divertido, no se percibe tanta sensaci\u00f3n de cansancio y es mucho m\u00e1s ameno que un entrenamiento en tierra.<\/li>\n<\/ol>\n<p>[\/vc_column_text][\/vc_column][\/vc_row]<\/p>\n<\/div>","protected":false},"excerpt":{"rendered":"<p>[vc_row bg_type=\u00bbimage\u00bb parallax_style=\u00bbvcpb-vz-jquery\u00bb bg_image_new=\u00bbid^57618|url^https:\/\/easypersonaltraining.com\/wp-content\/uploads\/2025\/04\/2148393566.jpg|caption^null|alt^null|title^2148393566|description^null\u00bb bg_image_repeat=\u00bbno-repeat\u00bb bg_override=\u00bbfull\u00bb enable_overlay=\u00bbenable_overlay_value\u00bb overlay_color=\u00bbrgba(0,0,0,0.5)\u00bb overlay_pattern=\u00bbtransperant\u00bb overlay_pattern_opacity=\u00bb25&#8243; margin_top=\u00bb-50&#8243; type=\u00bbvc_default\u00bb css=\u00bb.vc_custom_1746011557322{padding-top: 12% !important;padding-bottom: 12% !important;background-color: #000000 !important;}\u00bb][vc_column offset=\u00bbvc_col-lg-offset-0 vc_col-lg-12 vc_col-md-offset-0 vc_col-md-12 vc_col-sm-offset-0 vc_col-xs-12&#8243; css=\u00bb.vc_custom_1476043981108{margin-top: 10px !important;margin-bottom: 10px !important;}\u00bb][\/vc_column][\/vc_row][vc_row equal_height=\u00bbyes\u00bb content_placement=\u00bbmiddle\u00bb margin_top=\u00bb5&#8243; margin_bottom=\u00bb10&#8243; type=\u00bbvc_default\u00bb css=\u00bb.vc_custom_1476026573339{padding-top: 70px !important;padding-bottom: 25px !important;}\u00bb][vc_column offset=\u00bbvc_col-lg-6 vc_col-md-6 vc_col-xs-12&#8243; css=\u00bb.vc_custom_1476026661856{padding-bottom: 50px !important;}\u00bb][\/vc_column][vc_column offset=\u00bbvc_col-lg-6 vc_col-md-6 vc_col-xs-12&#8243; css=\u00bb.vc_custom_1476026676448{padding-bottom: 50px !important;}\u00bb][vc_column_text css=\u00bb.vc_custom_1746011171325{padding-top: 30px !important;}\u00bb]El&hellip;<\/p>\n","protected":false},"author":1,"featured_media":0,"parent":0,"menu_order":0,"comment_status":"closed","ping_status":"closed","template":"","meta":{"footnotes":""},"class_list":["post-57600","page","type-page","status-publish","hentry","description-off"],"yoast_head":"<!-- This site is optimized with the Yoast SEO plugin v24.3 - https:\/\/yoast.com\/wordpress\/plugins\/seo\/ -->\n<title>Aquagym | Entrenador personal Mallorca - Estiramientos y entrenamiento funcional - Easy Personal Trainning<\/title>\n<meta name=\"robots\" content=\"index, follow, max-snippet:-1, max-image-preview:large, max-video-preview:-1\" \/>\n<link rel=\"canonical\" href=\"https:\/\/easypersonaltraining.com\/index.php\/aquagym\/\" \/>\n<meta property=\"og:locale\" content=\"es_ES\" \/>\n<meta property=\"og:type\" content=\"article\" \/>\n<meta property=\"og:title\" content=\"Aquagym | Entrenador personal Mallorca - Estiramientos y entrenamiento funcional - Easy Personal Trainning\" \/>\n<meta property=\"og:description\" content=\"[vc_row bg_type=\u00bbimage\u00bb parallax_style=\u00bbvcpb-vz-jquery\u00bb bg_image_new=\u00bbid^57618|url^https:\/\/easypersonaltraining.com\/wp-content\/uploads\/2025\/04\/2148393566.jpg|caption^null|alt^null|title^2148393566|description^null\u00bb bg_image_repeat=\u00bbno-repeat\u00bb bg_override=\u00bbfull\u00bb enable_overlay=\u00bbenable_overlay_value\u00bb overlay_color=\u00bbrgba(0,0,0,0.5)\u00bb overlay_pattern=\u00bbtransperant\u00bb overlay_pattern_opacity=\u00bb25&#8243; margin_top=\u00bb-50&#8243; type=\u00bbvc_default\u00bb css=\u00bb.vc_custom_1746011557322{padding-top: 12% !important;padding-bottom: 12% !important;background-color: #000000 !important;}\u00bb][vc_column offset=\u00bbvc_col-lg-offset-0 vc_col-lg-12 vc_col-md-offset-0 vc_col-md-12 vc_col-sm-offset-0 vc_col-xs-12&#8243; css=\u00bb.vc_custom_1476043981108{margin-top: 10px !important;margin-bottom: 10px !important;}\u00bb][\/vc_column][\/vc_row][vc_row equal_height=\u00bbyes\u00bb content_placement=\u00bbmiddle\u00bb margin_top=\u00bb5&#8243; margin_bottom=\u00bb10&#8243; type=\u00bbvc_default\u00bb css=\u00bb.vc_custom_1476026573339{padding-top: 70px !important;padding-bottom: 25px !important;}\u00bb][vc_column offset=\u00bbvc_col-lg-6 vc_col-md-6 vc_col-xs-12&#8243; css=\u00bb.vc_custom_1476026661856{padding-bottom: 50px !important;}\u00bb][\/vc_column][vc_column offset=\u00bbvc_col-lg-6 vc_col-md-6 vc_col-xs-12&#8243; css=\u00bb.vc_custom_1476026676448{padding-bottom: 50px !important;}\u00bb][vc_column_text css=\u00bb.vc_custom_1746011171325{padding-top: 30px !important;}\u00bb]El&hellip;\" \/>\n<meta property=\"og:url\" content=\"https:\/\/easypersonaltraining.com\/index.php\/aquagym\/\" \/>\n<meta property=\"og:site_name\" content=\"Easy Personal Trainning\" \/>\n<meta property=\"article:modified_time\" content=\"2025-06-27T09:02:12+00:00\" \/>\n<meta name=\"twitter:card\" content=\"summary_large_image\" \/>\n<meta name=\"twitter:label1\" content=\"Tiempo de lectura\" \/>\n\t<meta name=\"twitter:data1\" content=\"2 minutos\" \/>\n<script type=\"application\/ld+json\" class=\"yoast-schema-graph\">{\"@context\":\"https:\/\/schema.org\",\"@graph\":[{\"@type\":\"WebPage\",\"@id\":\"https:\/\/easypersonaltraining.com\/index.php\/aquagym\/\",\"url\":\"https:\/\/easypersonaltraining.com\/index.php\/aquagym\/\",\"name\":\"Aquagym | Entrenador personal Mallorca - Estiramientos y entrenamiento funcional - Easy Personal Trainning\",\"isPartOf\":{\"@id\":\"https:\/\/easypersonaltraining.com\/#website\"},\"datePublished\":\"2025-04-30T10:15:47+00:00\",\"dateModified\":\"2025-06-27T09:02:12+00:00\",\"breadcrumb\":{\"@id\":\"https:\/\/easypersonaltraining.com\/index.php\/aquagym\/#breadcrumb\"},\"inLanguage\":\"es\",\"potentialAction\":[{\"@type\":\"ReadAction\",\"target\":[\"https:\/\/easypersonaltraining.com\/index.php\/aquagym\/\"]}]},{\"@type\":\"BreadcrumbList\",\"@id\":\"https:\/\/easypersonaltraining.com\/index.php\/aquagym\/#breadcrumb\",\"itemListElement\":[{\"@type\":\"ListItem\",\"position\":1,\"name\":\"Portada\",\"item\":\"https:\/\/easypersonaltraining.com\/\"},{\"@type\":\"ListItem\",\"position\":2,\"name\":\"Aquagym | Entrenador personal Mallorca &#8211; Estiramientos y entrenamiento funcional\"}]},{\"@type\":\"WebSite\",\"@id\":\"https:\/\/easypersonaltraining.com\/#website\",\"url\":\"https:\/\/easypersonaltraining.com\/\",\"name\":\"Easy Personal Trainning\",\"description\":\"Entrenador personal, Pasa tu cuerpo al siguiente nivel\",\"potentialAction\":[{\"@type\":\"SearchAction\",\"target\":{\"@type\":\"EntryPoint\",\"urlTemplate\":\"https:\/\/easypersonaltraining.com\/?s={search_term_string}\"},\"query-input\":{\"@type\":\"PropertyValueSpecification\",\"valueRequired\":true,\"valueName\":\"search_term_string\"}}],\"inLanguage\":\"es\"}]}<\/script>\n<!-- \/ Yoast SEO plugin. -->","yoast_head_json":{"title":"Aquagym | Entrenador personal Mallorca - Estiramientos y entrenamiento funcional - Easy Personal Trainning","robots":{"index":"index","follow":"follow","max-snippet":"max-snippet:-1","max-image-preview":"max-image-preview:large","max-video-preview":"max-video-preview:-1"},"canonical":"https:\/\/easypersonaltraining.com\/index.php\/aquagym\/","og_locale":"es_ES","og_type":"article","og_title":"Aquagym | Entrenador personal Mallorca - Estiramientos y entrenamiento funcional - Easy Personal Trainning","og_description":"[vc_row bg_type=\u00bbimage\u00bb parallax_style=\u00bbvcpb-vz-jquery\u00bb bg_image_new=\u00bbid^57618|url^https:\/\/easypersonaltraining.com\/wp-content\/uploads\/2025\/04\/2148393566.jpg|caption^null|alt^null|title^2148393566|description^null\u00bb bg_image_repeat=\u00bbno-repeat\u00bb bg_override=\u00bbfull\u00bb enable_overlay=\u00bbenable_overlay_value\u00bb overlay_color=\u00bbrgba(0,0,0,0.5)\u00bb overlay_pattern=\u00bbtransperant\u00bb overlay_pattern_opacity=\u00bb25&#8243; margin_top=\u00bb-50&#8243; type=\u00bbvc_default\u00bb css=\u00bb.vc_custom_1746011557322{padding-top: 12% !important;padding-bottom: 12% !important;background-color: #000000 !important;}\u00bb][vc_column offset=\u00bbvc_col-lg-offset-0 vc_col-lg-12 vc_col-md-offset-0 vc_col-md-12 vc_col-sm-offset-0 vc_col-xs-12&#8243; css=\u00bb.vc_custom_1476043981108{margin-top: 10px !important;margin-bottom: 10px !important;}\u00bb][\/vc_column][\/vc_row][vc_row equal_height=\u00bbyes\u00bb content_placement=\u00bbmiddle\u00bb margin_top=\u00bb5&#8243; margin_bottom=\u00bb10&#8243; type=\u00bbvc_default\u00bb css=\u00bb.vc_custom_1476026573339{padding-top: 70px !important;padding-bottom: 25px !important;}\u00bb][vc_column offset=\u00bbvc_col-lg-6 vc_col-md-6 vc_col-xs-12&#8243; css=\u00bb.vc_custom_1476026661856{padding-bottom: 50px !important;}\u00bb][\/vc_column][vc_column offset=\u00bbvc_col-lg-6 vc_col-md-6 vc_col-xs-12&#8243; css=\u00bb.vc_custom_1476026676448{padding-bottom: 50px !important;}\u00bb][vc_column_text css=\u00bb.vc_custom_1746011171325{padding-top: 30px !important;}\u00bb]El&hellip;","og_url":"https:\/\/easypersonaltraining.com\/index.php\/aquagym\/","og_site_name":"Easy Personal Trainning","article_modified_time":"2025-06-27T09:02:12+00:00","twitter_card":"summary_large_image","twitter_misc":{"Tiempo de lectura":"2 minutos"},"schema":{"@context":"https:\/\/schema.org","@graph":[{"@type":"WebPage","@id":"https:\/\/easypersonaltraining.com\/index.php\/aquagym\/","url":"https:\/\/easypersonaltraining.com\/index.php\/aquagym\/","name":"Aquagym | Entrenador personal Mallorca - Estiramientos y entrenamiento funcional - Easy Personal Trainning","isPartOf":{"@id":"https:\/\/easypersonaltraining.com\/#website"},"datePublished":"2025-04-30T10:15:47+00:00","dateModified":"2025-06-27T09:02:12+00:00","breadcrumb":{"@id":"https:\/\/easypersonaltraining.com\/index.php\/aquagym\/#breadcrumb"},"inLanguage":"es","potentialAction":[{"@type":"ReadAction","target":["https:\/\/easypersonaltraining.com\/index.php\/aquagym\/"]}]},{"@type":"BreadcrumbList","@id":"https:\/\/easypersonaltraining.com\/index.php\/aquagym\/#breadcrumb","itemListElement":[{"@type":"ListItem","position":1,"name":"Portada","item":"https:\/\/easypersonaltraining.com\/"},{"@type":"ListItem","position":2,"name":"Aquagym | Entrenador personal Mallorca &#8211; Estiramientos y entrenamiento funcional"}]},{"@type":"WebSite","@id":"https:\/\/easypersonaltraining.com\/#website","url":"https:\/\/easypersonaltraining.com\/","name":"Easy Personal Trainning","description":"Entrenador personal, Pasa tu cuerpo al siguiente nivel","potentialAction":[{"@type":"SearchAction","target":{"@type":"EntryPoint","urlTemplate":"https:\/\/easypersonaltraining.com\/?s={search_term_string}"},"query-input":{"@type":"PropertyValueSpecification","valueRequired":true,"valueName":"search_term_string"}}],"inLanguage":"es"}]}},"_links":{"self":[{"href":"https:\/\/easypersonaltraining.com\/index.php\/wp-json\/wp\/v2\/pages\/57600","targetHints":{"allow":["GET"]}}],"collection":[{"href":"https:\/\/easypersonaltraining.com\/index.php\/wp-json\/wp\/v2\/pages"}],"about":[{"href":"https:\/\/easypersonaltraining.com\/index.php\/wp-json\/wp\/v2\/types\/page"}],"author":[{"embeddable":true,"href":"https:\/\/easypersonaltraining.com\/index.php\/wp-json\/wp\/v2\/users\/1"}],"replies":[{"embeddable":true,"href":"https:\/\/easypersonaltraining.com\/index.php\/wp-json\/wp\/v2\/comments?post=57600"}],"version-history":[{"count":7,"href":"https:\/\/easypersonaltraining.com\/index.php\/wp-json\/wp\/v2\/pages\/57600\/revisions"}],"predecessor-version":[{"id":57634,"href":"https:\/\/easypersonaltraining.com\/index.php\/wp-json\/wp\/v2\/pages\/57600\/revisions\/57634"}],"wp:attachment":[{"href":"https:\/\/easypersonaltraining.com\/index.php\/wp-json\/wp\/v2\/media?parent=57600"}],"curies":[{"name":"wp","href":"https:\/\/api.w.org\/{rel}","templated":true}]}}